{"id":30774,"date":"2016-10-22T08:34:08","date_gmt":"2016-10-22T06:34:08","guid":{"rendered":"http:\/\/www.heldenhaushalt.de\/sari02\/?page_id=30774"},"modified":"2025-05-05T11:36:16","modified_gmt":"2025-05-05T09:36:16","slug":"wer-ist-eigentlich-der-heldenhaushalt","status":"publish","type":"page","link":"https:\/\/www.heldenhaushalt.de\/sari02\/index.php\/wer-ist-eigentlich-der-heldenhaushalt\/","title":{"rendered":"Wer ist eigentlich der Heldenhaushalt?"},"content":{"rendered":"<p>Wenn Ihr mehr &#252;ber den Blog und die Person dahinter erfahren wollt, dann kann ich Euch nur empfehlen, <a href=\"http:\/\/www.heldenhaushalt.de\/sari02\/index.php\/eine-seite\/\">hier nachzulesen<\/a>, denn da erfahrt Ihr alles, was Ihr schon immer wissen wolltet.<\/p>\n<p>Wenn Ihr jetzt allerdings eher wissen wollt, wer tats&#228;chlich hinter &#8220;Heldenhaushalt&#8221; steht, dann rate ich Euch hier zu bleiben, denn heute gehen wir hier mal ins Detail. &#8220;Heldenhaushalt&#8221; ist nicht nur ein Wort. Es ist das, was uns ziemlich genau in einem Begriff zusammenfassen kann. Ich lebe und liebe in einem Haushalt mit drei M&#228;nnern. Da ist Chaos eigentlich immer vorprogrammiert. Damit es f&#252;r Euch allerdings (endlich) mal ein bisschen &#252;berschaubarer wird, m&#246;chte ich Euch heute die Protagonisten dieses Blogs vorstellen.<\/p>\n<h2>Die Familienmitglieder des Heldenhaushalt<\/h2>\n<p><img loading=\"lazy\" decoding=\"async\" class=\"alignnone size-full wp-image-64191\" src=\"https:\/\/www.heldenhaushalt.de\/sari02\/wp-content\/uploads\/2025\/05\/gedankenexperiment.jpg\" alt=\"Heldenhaushalt\" width=\"800\" height=\"585\" srcset=\"https:\/\/www.heldenhaushalt.de\/sari02\/wp-content\/uploads\/2025\/05\/gedankenexperiment.jpg 800w, https:\/\/www.heldenhaushalt.de\/sari02\/wp-content\/uploads\/2025\/05\/gedankenexperiment-300x219.jpg 300w, https:\/\/www.heldenhaushalt.de\/sari02\/wp-content\/uploads\/2025\/05\/gedankenexperiment-768x562.jpg 768w, https:\/\/www.heldenhaushalt.de\/sari02\/wp-content\/uploads\/2025\/05\/gedankenexperiment-82x60.jpg 82w\" sizes=\"auto, (max-width: 800px) 100vw, 800px\" \/><\/p>\n<p><strong>Frau Mondgras &#8211;<\/strong> Das bin ich, Sari. Sari Kroschel. Darf ich mich vorstellen? Sch&#246;n, dass Ihr da seid. Ich bin die treibende Kraft hinter diesem Projekt. Die Dame, die ihre Freizeit opfert, um mit Euch den Alltag zu teilen und Euch alles zu erz&#228;hlen, was ich halt so f&#252;r erz&#228;hlenswert halte. Sei es nun etwas Gebasteltes, Gebackenes oder einfach nur Erlebtes. Fotos und Zeichnungen stammen zu 99% aus meiner Hand und spiegeln einen Teil meiner Hobbies wieder. Ausf&#252;hrlicher k&#246;nnt Ihr nat&#252;rlich hier &#252;ber mich erfahren. Aber vordergr&#252;ndig sei Euch gesagt: Ich bin hier die Autorin und Mutter eines ziemlich aufregenden Haushaltes voller Helden.<\/p>\n<p><strong>Der Held aka der Mann &#8211;<\/strong> Er wurde irgendwann mit Teil der Beitr&#228;ge. Ich fing an &#252;ber ihn zu erz&#228;hlen, damals noch als mein Freund, sp&#228;ter als mein Ehemann und nun als Vater meiner Kinder. Da wir aber ziemlich auf Anonymit&#228;t im Internet stehen (ausser ich, ich bin eine Rampensau), war es nur eine Frage der Zeit, bis wir uns ein Pseudonym f&#252;r ihn &#252;berlegen mussten. Wie von alleine entstand dabei das W&#246;rtchen Held, da er in so vielen meiner Lebensistuationen genau das war: Mein Held. Hier manchmal auch bekannt als der Mann, oder der Papa.<\/p>\n<p><strong>Miniheld aka gro&#223;er Sohn &#8211;<\/strong> Ja, wer ist eigentlich der Miniheld? Klar, dass es auch ein Held sein musste, bei den Genen, die ihm mitgegeben wurden und er macht uns auch mehr als stolz. 2011 geboren im Fr&#252;hling und ein ziemlicher Fu&#223;balljunky. Unser Erstgeborener, unser Stammhalter, wie Schwiegervater einmal sagte. Sportlich und ehrgeizig wie der Papa. Sprachlich ziemlich fit&#8230;wie die Mama und auch bei Zahlen der absolute Hit&#8230;.nicht wie die Mama *lach*.<\/p>\n<p><strong>Heldenkind aka kleiner Sohn &#8211;<\/strong> Und damit wurde es sicher verwirrend f&#252;r Euch. Das Heldenkind ist unser zweiter kleiner Held aus dem Heldenpool und 2015 kurz vor Weihnachten geboren. Fast ein kleines Weihnachtsgeschenk also. Steht dem gro&#223;en Bruder in nichts nach. Vielleicht etwas temperamentvoller und kreativer. Wir werden mit ihm sicher noch einiges zu erleben haben. Seid also gespannt.<\/p>\n<p>Und damit wisst Ihr nun wer hinte den ganzen Pseudonymen steckt. Scheut Euch niemals uns Fragen zu stellen und lernt uns ruhig ein bisschen besser kennen! Uns und den Heldenhaushalt.<\/p>\n<p><img loading=\"lazy\" decoding=\"async\" class=\"alignnone size-full wp-image-64192\" src=\"https:\/\/www.heldenhaushalt.de\/sari02\/wp-content\/uploads\/2025\/05\/sari2024-fotor-2025050511322.jpg\" alt=\"Sari\" width=\"1000\" height=\"696\" srcset=\"https:\/\/www.heldenhaushalt.de\/sari02\/wp-content\/uploads\/2025\/05\/sari2024-fotor-2025050511322.jpg 1000w, https:\/\/www.heldenhaushalt.de\/sari02\/wp-content\/uploads\/2025\/05\/sari2024-fotor-2025050511322-300x209.jpg 300w, https:\/\/www.heldenhaushalt.de\/sari02\/wp-content\/uploads\/2025\/05\/sari2024-fotor-2025050511322-768x535.jpg 768w, https:\/\/www.heldenhaushalt.de\/sari02\/wp-content\/uploads\/2025\/05\/sari2024-fotor-2025050511322-86x60.jpg 86w\" sizes=\"auto, (max-width: 1000px) 100vw, 1000px\" \/><\/p>\n","protected":false},"excerpt":{"rendered":"<p>Wenn Ihr mehr &#252;ber den Blog und die Person dahinter erfahren wollt, dann kann ich Euch nur empfehlen, hier nachzulesen, denn da erfahrt Ihr alles, was Ihr schon immer wissen wolltet. Wenn Ihr jetzt allerdings eher wissen wollt, wer tats&#228;chlich hinter &#8220;Heldenhaushalt&#8221; steht, dann rate ich Euch hier zu bleiben, denn heute gehen wir hier mal ins Detail. &#8220;Heldenhaushalt&#8221; ist nicht nur ein Wort. Es ist das, was uns ziemlich genau in einem Begriff zusammenfassen kann. Ich lebe und liebe in einem Haushalt mit drei M&#228;nnern. Da ist Chaos eigentlich immer vorprogrammiert. Damit es f&#252;r Euch allerdings (endlich) mal ein bisschen &#252;berschaubarer wird, m&#246;chte ich Euch heute die Protagonisten dieses Blogs vorstellen. Die Familienmitglieder des Heldenhaushalt Frau Mondgras &#8211; Das bin ich, Sari. Sari Kroschel. Darf ich mich vorstellen? Sch&#246;n, dass Ihr da seid. Ich bin die treibende Kraft hinter diesem Projekt. Die Dame, die ihre Freizeit opfert, um mit Euch den Alltag zu teilen und Euch alles zu erz&#228;hlen, was ich halt so f&#252;r erz&#228;hlenswert halte. Sei es nun etwas Gebasteltes, Gebackenes oder einfach nur Erlebtes. Fotos und Zeichnungen stammen zu 99% aus meiner Hand und spiegeln einen Teil meiner Hobbies wieder. Ausf&#252;hrlicher k&#246;nnt Ihr nat&#252;rlich hier &#252;ber mich erfahren. Aber vordergr&#252;ndig sei Euch gesagt: Ich bin hier die Autorin und Mutter eines ziemlich aufregenden Haushaltes voller Helden. Der Held aka der Mann &#8211; Er wurde irgendwann mit Teil der Beitr&#228;ge. Ich fing an &#252;ber ihn zu erz&#228;hlen, damals noch als mein Freund, sp&#228;ter als mein Ehemann und nun als Vater meiner Kinder. Da wir aber ziemlich auf Anonymit&#228;t im Internet stehen (ausser ich, ich bin eine Rampensau), war es nur eine Frage der Zeit, bis wir uns ein Pseudonym f&#252;r ihn &#252;berlegen mussten. Wie von alleine entstand dabei das W&#246;rtchen Held, da er in so vielen meiner Lebensistuationen genau das war: Mein Held. Hier manchmal auch bekannt als der Mann, oder der Papa. Miniheld aka gro&#223;er Sohn &#8211; Ja, wer ist eigentlich der Miniheld? Klar, dass es auch ein Held sein musste, bei den Genen, die ihm mitgegeben wurden und er macht uns auch mehr als stolz. 2011 geboren im Fr&#252;hling und ein ziemlicher Fu&#223;balljunky. Unser Erstgeborener, unser Stammhalter, wie Schwiegervater einmal sagte. Sportlich und ehrgeizig wie der Papa. Sprachlich ziemlich fit&#8230;wie die Mama und auch bei Zahlen der absolute Hit&#8230;.nicht wie die Mama *lach*. Heldenkind aka kleiner Sohn &#8211; Und damit wurde es sicher verwirrend f&#252;r Euch. Das Heldenkind ist unser zweiter kleiner Held aus dem Heldenpool und 2015 kurz vor Weihnachten geboren. Fast ein kleines Weihnachtsgeschenk also. Steht dem gro&#223;en Bruder in nichts nach. Vielleicht etwas temperamentvoller und kreativer. Wir werden mit ihm sicher noch einiges zu erleben haben. Seid also gespannt. Und damit wisst Ihr nun wer hinte den ganzen Pseudonymen steckt. Scheut Euch niemals uns Fragen zu stellen und lernt uns ruhig ein bisschen besser kennen! Uns und den Heldenhaushalt.<\/p>\n","protected":false},"author":1,"featured_media":64189,"parent":0,"menu_order":0,"comment_status":"closed","ping_status":"closed","template":"","meta":{"ngg_post_thumbnail":0,"footnotes":""},"class_list":["post-30774","page","type-page","status-publish","has-post-thumbnail","hentry"],"yoast_head":"<!-- This site is optimized with the Yoast SEO plugin v27.5 - https:\/\/yoast.com\/product\/yoast-seo-wordpress\/ -->\n<title>Wer ist eigentlich der Heldenhaushalt? - Heldenhaushalt<\/title>\n<meta name=\"description\" content=\"Wenn Ihr wissen wollt, wer hinter &quot;Heldenhaushalt&quot; steht, dann rate ich Euch hier zu bleiben, denn heute gehen wir hier mal ins Detail.\" \/>\n<meta name=\"robots\" content=\"index, follow, max-snippet:-1, max-image-preview:large, max-video-preview:-1\" \/>\n<link rel=\"canonical\" href=\"https:\/\/www.heldenhaushalt.de\/sari02\/index.php\/wer-ist-eigentlich-der-heldenhaushalt\/\" \/>\n<meta property=\"og:locale\" content=\"de_DE\" \/>\n<meta property=\"og:type\" content=\"article\" \/>\n<meta property=\"og:title\" content=\"Wer ist eigentlich der Heldenhaushalt? - Heldenhaushalt\" \/>\n<meta property=\"og:description\" content=\"Wenn Ihr wissen wollt, wer hinter &quot;Heldenhaushalt&quot; steht, dann rate ich Euch hier zu bleiben, denn heute gehen wir hier mal ins Detail.\" \/>\n<meta property=\"og:url\" content=\"https:\/\/www.heldenhaushalt.de\/sari02\/index.php\/wer-ist-eigentlich-der-heldenhaushalt\/\" \/>\n<meta property=\"og:site_name\" content=\"Heldenhaushalt\" \/>\n<meta property=\"article:modified_time\" content=\"2025-05-05T09:36:16+00:00\" \/>\n<meta property=\"og:image\" content=\"https:\/\/www.heldenhaushalt.de\/sari02\/wp-content\/uploads\/2025\/05\/uber.jpg\" \/>\n\t<meta property=\"og:image:width\" content=\"1000\" \/>\n\t<meta property=\"og:image:height\" content=\"644\" \/>\n\t<meta property=\"og:image:type\" content=\"image\/jpeg\" \/>\n<meta name=\"twitter:card\" content=\"summary_large_image\" \/>\n<meta name=\"twitter:site\" content=\"@Heldenhaushalt\" \/>\n<meta name=\"twitter:label1\" content=\"Gesch\u00e4tzte Lesezeit\" \/>\n\t<meta name=\"twitter:data1\" content=\"4\u00a0Minuten\" \/>\n<script type=\"application\/ld+json\" class=\"yoast-schema-graph\">{\"@context\":\"https:\\\/\\\/schema.org\",\"@graph\":[{\"@type\":\"WebPage\",\"@id\":\"https:\\\/\\\/www.heldenhaushalt.de\\\/sari02\\\/index.php\\\/wer-ist-eigentlich-der-heldenhaushalt\\\/\",\"url\":\"https:\\\/\\\/www.heldenhaushalt.de\\\/sari02\\\/index.php\\\/wer-ist-eigentlich-der-heldenhaushalt\\\/\",\"name\":\"Wer ist eigentlich der Heldenhaushalt? - Heldenhaushalt\",\"isPartOf\":{\"@id\":\"https:\\\/\\\/www.heldenhaushalt.de\\\/sari02\\\/#website\"},\"primaryImageOfPage\":{\"@id\":\"https:\\\/\\\/www.heldenhaushalt.de\\\/sari02\\\/index.php\\\/wer-ist-eigentlich-der-heldenhaushalt\\\/#primaryimage\"},\"image\":{\"@id\":\"https:\\\/\\\/www.heldenhaushalt.de\\\/sari02\\\/index.php\\\/wer-ist-eigentlich-der-heldenhaushalt\\\/#primaryimage\"},\"thumbnailUrl\":\"https:\\\/\\\/www.heldenhaushalt.de\\\/sari02\\\/wp-content\\\/uploads\\\/2025\\\/05\\\/uber.jpg\",\"datePublished\":\"2016-10-22T06:34:08+00:00\",\"dateModified\":\"2025-05-05T09:36:16+00:00\",\"description\":\"Wenn Ihr wissen wollt, wer hinter \\\"Heldenhaushalt\\\" steht, dann rate ich Euch hier zu bleiben, denn heute gehen wir hier mal ins Detail.\",\"breadcrumb\":{\"@id\":\"https:\\\/\\\/www.heldenhaushalt.de\\\/sari02\\\/index.php\\\/wer-ist-eigentlich-der-heldenhaushalt\\\/#breadcrumb\"},\"inLanguage\":\"de\",\"potentialAction\":[{\"@type\":\"ReadAction\",\"target\":[\"https:\\\/\\\/www.heldenhaushalt.de\\\/sari02\\\/index.php\\\/wer-ist-eigentlich-der-heldenhaushalt\\\/\"]}]},{\"@type\":\"ImageObject\",\"inLanguage\":\"de\",\"@id\":\"https:\\\/\\\/www.heldenhaushalt.de\\\/sari02\\\/index.php\\\/wer-ist-eigentlich-der-heldenhaushalt\\\/#primaryimage\",\"url\":\"https:\\\/\\\/www.heldenhaushalt.de\\\/sari02\\\/wp-content\\\/uploads\\\/2025\\\/05\\\/uber.jpg\",\"contentUrl\":\"https:\\\/\\\/www.heldenhaushalt.de\\\/sari02\\\/wp-content\\\/uploads\\\/2025\\\/05\\\/uber.jpg\",\"width\":1000,\"height\":644},{\"@type\":\"BreadcrumbList\",\"@id\":\"https:\\\/\\\/www.heldenhaushalt.de\\\/sari02\\\/index.php\\\/wer-ist-eigentlich-der-heldenhaushalt\\\/#breadcrumb\",\"itemListElement\":[{\"@type\":\"ListItem\",\"position\":1,\"name\":\"Startseite\",\"item\":\"https:\\\/\\\/www.heldenhaushalt.de\\\/sari02\\\/\"},{\"@type\":\"ListItem\",\"position\":2,\"name\":\"Wer ist eigentlich der Heldenhaushalt?\"}]},{\"@type\":\"WebSite\",\"@id\":\"https:\\\/\\\/www.heldenhaushalt.de\\\/sari02\\\/#website\",\"url\":\"https:\\\/\\\/www.heldenhaushalt.de\\\/sari02\\\/\",\"name\":\"Heldenhaushalt\",\"description\":\"Wer es ordentlich haben will, der muss vorher anrufen\",\"publisher\":{\"@id\":\"https:\\\/\\\/www.heldenhaushalt.de\\\/sari02\\\/#\\\/schema\\\/person\\\/a1cc69f42a01f412eb62c151353814f6\"},\"potentialAction\":[{\"@type\":\"SearchAction\",\"target\":{\"@type\":\"EntryPoint\",\"urlTemplate\":\"https:\\\/\\\/www.heldenhaushalt.de\\\/sari02\\\/?s={search_term_string}\"},\"query-input\":{\"@type\":\"PropertyValueSpecification\",\"valueRequired\":true,\"valueName\":\"search_term_string\"}}],\"inLanguage\":\"de\"},{\"@type\":[\"Person\",\"Organization\"],\"@id\":\"https:\\\/\\\/www.heldenhaushalt.de\\\/sari02\\\/#\\\/schema\\\/person\\\/a1cc69f42a01f412eb62c151353814f6\",\"name\":\"Sari\",\"image\":{\"@type\":\"ImageObject\",\"inLanguage\":\"de\",\"@id\":\"https:\\\/\\\/www.heldenhaushalt.de\\\/sari02\\\/wp-content\\\/uploads\\\/2019\\\/02\\\/sari-april2018.png\",\"url\":\"https:\\\/\\\/www.heldenhaushalt.de\\\/sari02\\\/wp-content\\\/uploads\\\/2019\\\/02\\\/sari-april2018.png\",\"contentUrl\":\"https:\\\/\\\/www.heldenhaushalt.de\\\/sari02\\\/wp-content\\\/uploads\\\/2019\\\/02\\\/sari-april2018.png\",\"width\":500,\"height\":500,\"caption\":\"Sari\"},\"logo\":{\"@id\":\"https:\\\/\\\/www.heldenhaushalt.de\\\/sari02\\\/wp-content\\\/uploads\\\/2019\\\/02\\\/sari-april2018.png\"},\"description\":\"Frau Mondgras \u2013 Das bin ich, Sari. Gerne auch als Sari Mondgras bekannt und im Internet zu finden. 2-Fach-Mutter, Heldenehefrau, Kreativling, Harmonies\u00fcchtig und st\u00e4ndig auf der Suche nach Gl\u00fcck. Ich komme aus Berlin, bin hier aufgewachsen und lebe hier seit ich denken kann.\",\"sameAs\":[\"https:\\\/\\\/www.instagram.com\\\/heldenhaushalt\\\/\"]}]}<\/script>\n<!-- \/ Yoast SEO plugin. -->","yoast_head_json":{"title":"Wer ist eigentlich der Heldenhaushalt? - Heldenhaushalt","description":"Wenn Ihr wissen wollt, wer hinter \"Heldenhaushalt\" steht, dann rate ich Euch hier zu bleiben, denn heute gehen wir hier mal ins Detail.","robots":{"index":"index","follow":"follow","max-snippet":"max-snippet:-1","max-image-preview":"max-image-preview:large","max-video-preview":"max-video-preview:-1"},"canonical":"https:\/\/www.heldenhaushalt.de\/sari02\/index.php\/wer-ist-eigentlich-der-heldenhaushalt\/","og_locale":"de_DE","og_type":"article","og_title":"Wer ist eigentlich der Heldenhaushalt? - Heldenhaushalt","og_description":"Wenn Ihr wissen wollt, wer hinter \"Heldenhaushalt\" steht, dann rate ich Euch hier zu bleiben, denn heute gehen wir hier mal ins Detail.","og_url":"https:\/\/www.heldenhaushalt.de\/sari02\/index.php\/wer-ist-eigentlich-der-heldenhaushalt\/","og_site_name":"Heldenhaushalt","article_modified_time":"2025-05-05T09:36:16+00:00","og_image":[{"width":1000,"height":644,"url":"https:\/\/www.heldenhaushalt.de\/sari02\/wp-content\/uploads\/2025\/05\/uber.jpg","type":"image\/jpeg"}],"twitter_card":"summary_large_image","twitter_site":"@Heldenhaushalt","twitter_misc":{"Gesch\u00e4tzte Lesezeit":"4\u00a0Minuten"},"schema":{"@context":"https:\/\/schema.org","@graph":[{"@type":"WebPage","@id":"https:\/\/www.heldenhaushalt.de\/sari02\/index.php\/wer-ist-eigentlich-der-heldenhaushalt\/","url":"https:\/\/www.heldenhaushalt.de\/sari02\/index.php\/wer-ist-eigentlich-der-heldenhaushalt\/","name":"Wer ist eigentlich der Heldenhaushalt? - Heldenhaushalt","isPartOf":{"@id":"https:\/\/www.heldenhaushalt.de\/sari02\/#website"},"primaryImageOfPage":{"@id":"https:\/\/www.heldenhaushalt.de\/sari02\/index.php\/wer-ist-eigentlich-der-heldenhaushalt\/#primaryimage"},"image":{"@id":"https:\/\/www.heldenhaushalt.de\/sari02\/index.php\/wer-ist-eigentlich-der-heldenhaushalt\/#primaryimage"},"thumbnailUrl":"https:\/\/www.heldenhaushalt.de\/sari02\/wp-content\/uploads\/2025\/05\/uber.jpg","datePublished":"2016-10-22T06:34:08+00:00","dateModified":"2025-05-05T09:36:16+00:00","description":"Wenn Ihr wissen wollt, wer hinter \"Heldenhaushalt\" steht, dann rate ich Euch hier zu bleiben, denn heute gehen wir hier mal ins Detail.","breadcrumb":{"@id":"https:\/\/www.heldenhaushalt.de\/sari02\/index.php\/wer-ist-eigentlich-der-heldenhaushalt\/#breadcrumb"},"inLanguage":"de","potentialAction":[{"@type":"ReadAction","target":["https:\/\/www.heldenhaushalt.de\/sari02\/index.php\/wer-ist-eigentlich-der-heldenhaushalt\/"]}]},{"@type":"ImageObject","inLanguage":"de","@id":"https:\/\/www.heldenhaushalt.de\/sari02\/index.php\/wer-ist-eigentlich-der-heldenhaushalt\/#primaryimage","url":"https:\/\/www.heldenhaushalt.de\/sari02\/wp-content\/uploads\/2025\/05\/uber.jpg","contentUrl":"https:\/\/www.heldenhaushalt.de\/sari02\/wp-content\/uploads\/2025\/05\/uber.jpg","width":1000,"height":644},{"@type":"BreadcrumbList","@id":"https:\/\/www.heldenhaushalt.de\/sari02\/index.php\/wer-ist-eigentlich-der-heldenhaushalt\/#breadcrumb","itemListElement":[{"@type":"ListItem","position":1,"name":"Startseite","item":"https:\/\/www.heldenhaushalt.de\/sari02\/"},{"@type":"ListItem","position":2,"name":"Wer ist eigentlich der Heldenhaushalt?"}]},{"@type":"WebSite","@id":"https:\/\/www.heldenhaushalt.de\/sari02\/#website","url":"https:\/\/www.heldenhaushalt.de\/sari02\/","name":"Heldenhaushalt","description":"Wer es ordentlich haben will, der muss vorher anrufen","publisher":{"@id":"https:\/\/www.heldenhaushalt.de\/sari02\/#\/schema\/person\/a1cc69f42a01f412eb62c151353814f6"},"potentialAction":[{"@type":"SearchAction","target":{"@type":"EntryPoint","urlTemplate":"https:\/\/www.heldenhaushalt.de\/sari02\/?s={search_term_string}"},"query-input":{"@type":"PropertyValueSpecification","valueRequired":true,"valueName":"search_term_string"}}],"inLanguage":"de"},{"@type":["Person","Organization"],"@id":"https:\/\/www.heldenhaushalt.de\/sari02\/#\/schema\/person\/a1cc69f42a01f412eb62c151353814f6","name":"Sari","image":{"@type":"ImageObject","inLanguage":"de","@id":"https:\/\/www.heldenhaushalt.de\/sari02\/wp-content\/uploads\/2019\/02\/sari-april2018.png","url":"https:\/\/www.heldenhaushalt.de\/sari02\/wp-content\/uploads\/2019\/02\/sari-april2018.png","contentUrl":"https:\/\/www.heldenhaushalt.de\/sari02\/wp-content\/uploads\/2019\/02\/sari-april2018.png","width":500,"height":500,"caption":"Sari"},"logo":{"@id":"https:\/\/www.heldenhaushalt.de\/sari02\/wp-content\/uploads\/2019\/02\/sari-april2018.png"},"description":"Frau Mondgras \u2013 Das bin ich, Sari. Gerne auch als Sari Mondgras bekannt und im Internet zu finden. 2-Fach-Mutter, Heldenehefrau, Kreativling, Harmonies\u00fcchtig und st\u00e4ndig auf der Suche nach Gl\u00fcck. Ich komme aus Berlin, bin hier aufgewachsen und lebe hier seit ich denken kann.","sameAs":["https:\/\/www.instagram.com\/heldenhaushalt\/"]}]}},"_links":{"self":[{"href":"https:\/\/www.heldenhaushalt.de\/sari02\/index.php\/wp-json\/wp\/v2\/pages\/30774","targetHints":{"allow":["GET"]}}],"collection":[{"href":"https:\/\/www.heldenhaushalt.de\/sari02\/index.php\/wp-json\/wp\/v2\/pages"}],"about":[{"href":"https:\/\/www.heldenhaushalt.de\/sari02\/index.php\/wp-json\/wp\/v2\/types\/page"}],"author":[{"embeddable":true,"href":"https:\/\/www.heldenhaushalt.de\/sari02\/index.php\/wp-json\/wp\/v2\/users\/1"}],"replies":[{"embeddable":true,"href":"https:\/\/www.heldenhaushalt.de\/sari02\/index.php\/wp-json\/wp\/v2\/comments?post=30774"}],"version-history":[{"count":8,"href":"https:\/\/www.heldenhaushalt.de\/sari02\/index.php\/wp-json\/wp\/v2\/pages\/30774\/revisions"}],"predecessor-version":[{"id":64193,"href":"https:\/\/www.heldenhaushalt.de\/sari02\/index.php\/wp-json\/wp\/v2\/pages\/30774\/revisions\/64193"}],"wp:featuredmedia":[{"embeddable":true,"href":"https:\/\/www.heldenhaushalt.de\/sari02\/index.php\/wp-json\/wp\/v2\/media\/64189"}],"wp:attachment":[{"href":"https:\/\/www.heldenhaushalt.de\/sari02\/index.php\/wp-json\/wp\/v2\/media?parent=30774"}],"curies":[{"name":"wp","href":"https:\/\/api.w.org\/{rel}","templated":true}]}}